8
Let g = -1/248 - -869/248. Let p(t) be the second derivative of t**3 + g*t**2 + t + 0 - 1/12*t**4. What is p(6)?
7
Let v(q) = -q + 1. Let w(u) = -6*u + 7. Let i(h) = 5*v(h) - w(h). Suppose -2 = -2*m + 6. Suppose -3*x + m - 1 = 4*p, -5*p - 5*x = 0. Give i(p).
1
Suppose 2*l + 0*l = v - 12, 3*v - 21 = l. Let x be v/15*-1*-10. Let w(u) be the third derivative of -u**5/60 + u**4/6 + u**3/2 - 20*u**2 - 2*u. Determine w(x).
3
Let w(k) = k**2 - 14*k + 13. Suppose 37 = 2*u + 17. Give w(u).
-27
Let n(x) = 13*x**2 + 5*x + 37. Let z(d) = -3*d**2 - 2*d - 9. Let c(o) = 2*n(o) + 9*z(o). Give c(-5).
8
Let d(t) = -t**3 + 11*t**2 - 11*t - 3. Let x be d(9). Let y be (-1)/((-5)/x*3). Let v(i) = -i. Determine v(y).
-4
Suppose -3*r + 17 = -2*s, s - 2*r - 42 + 52 = 0. Let y(p) = -2*p**2 - 7*p - 6. What is y(s)?
-10
Let t(i) = -i + 6. Let o(y) be the second derivative of -y**3/6 + 3*y**2/2 - 5*y - 6. Let k be o(-2). Give t(k).
1
Let r(c) be the second derivative of -3*c**4/2 + 627*c. Give r(-1).
-18
Suppose l = 2*t + 5, -4*t - 23 = -2*t + 5*l. Let y be 1/(2*(-1)/t). Let g(d) = -d**2 + 2*d**2 - 4*d**2 + 4*d**y - 1 - 6*d. What is g(6)?
-1
Let c(s) = -8*s**2 + 15*s**2 - 9*s**2 - s + 8 - 11*s. Calculate c(-6).
8
Suppose -2 - 2 = 4*y. Let j(x) = x + 1 + 7*x**2 - 14*x**2 + 3*x**2 - 3 + 3. Determine j(y).
-4
Let x(f) = -f - 7. Suppose -3*s - 19 = -3*l + 8*l, 30 = 5*s - 4*l. Let c be s - (4/14 + 48/28). What is x(c)?
-7
Let h(n) be the second derivative of -n**5/20 + 11*n**4/12 - 2*n**3 + n**2 - 568*n. What is h(9)?
56
Suppose 4*n - 218 = -42. Suppose 3*k - p - n = -k, 0 = 2*k + p - 16. Let h be 4*(-6)/((-48)/k). Let s(j) = -j**2 + 7*j - 5. Calculate s(h).
5
Let q(l) = 1 + 1 + 1115*l**2 - 1116*l**2. Calculate q(-3).
-7
Let k(q) = -q**3 + 3*q**2 + 3*q + 4. Let j be 0 - (-8)/(-6)*-3. Suppose -5*z - 40 = 4*n, -2*n - j*z - 23 + 3 = 0. Let b = -6 - n. Give k(b).
0
Let w be 15/20 - (-1)/4. Let c(t) be the second derivative of t**4/12 - t**3/2 + t**2/2 - 3*t. What is c(w)?
-1
Suppose -3*u - k - 7 = -5*u, 0 = -4*u - 3*k + 9. Let n(m) = m**3 - 3*m**2 - 3*m. What is n(u)?
-9
Let l(f) = -f**3 - 10*f**2 + 6*f + 9. Let w be l(-11). Let i = w - 68. Let b(k) = k**2 + 6*k + 3. Calculate b(i).
-5
Let i(w) = 6*w**2 - 11. Let d be i(-4). Let f(j) = -d*j**3 + j + 87*j**3 + 0*j**2 - 3*j**2. What is f(2)?
6
Let p(y) = -2*y - 1. Let r(u) = 3*u - 4. Let q be r(3). Suppose 5*h - 7 = -o + 4, 5*o + 2*h - 9 = 0. Suppose -i - q = -o. Determine p(i).
7
Suppose -v - 4*v = 20. Let r(w) be the third derivative of w**4/8 + w**3/3 - 290*w**2. Give r(v).
-10
Let z(d) = -d**2 - 6*d - 3. Let q be z(-5). Let o(u) = u - u**3 + u - 5*u**q + u - 6*u. Determine o(-3).
-9
Let s(y) = -3*y**2 + 1 + 0*y**2 + 0*y**2 + 2*y**2 - 5 - 4*y. Give s(-3).
-1
Let h(k) = k + 3 - 5 - 2*k**2 - 3 + 4 + k**3. Let z(g) = -g**3 + 3*g**2 + 2*g + 4. Let n be z(3). Let x = n + -9. Calculate h(x).
-1
Let c = -185 - -181. Let v(x) = -x - 10. What is v(c)?
-6
Let i(m) = 3*m**2 + 20*m - 2. Let p be i(-7). Let h(b) = b**3 - 4*b**2 - 5*b - 6. Calculate h(p).
-6
Let w(s) = -s**2 + 2*s + 7. Suppose 2*p - 9 = 5*m - 0*m, -3*p = -m - 20. Suppose p*b = 6*b + 3. Suppose -b*z + 5 = -10. Give w(z).
-8
Let k = 57 + -47. Let t = -36 - -21. Let c = k + t. Let a(s) = -s**2 - 3*s + 1. Determine a(c).
-9
Let u(y) = -y**3 + 8*y**2 - 4*y - 17. Let r(m) = 22*m - 81. Let l be r(4). What is u(l)?
4
Suppose -2*n = -n + 8. Let z be (-8)/(-5) + n/(-20). Let q = z + -1. Let h(t) = -t. What is h(q)?
-1
Let i(x) be the third derivative of x**4/24 - 7*x**3/6 - x**2. Let q = -1677 + 1686. Give i(q).
2
Let w(v) = -v**3 - 2*v**2 + 6*v + 2. Let g be w(-4). Let t(x) = 10 - x + 8 - g. Let b be t(8). Let n(u) = u - 7. Calculate n(b).
-7
Let l be -3 + (1 + -6)*-1. Let i(d) = -6*d + 14 - d + l*d**2 + 4*d**2 - d**3 - 8. Calculate i(5).
-4
Let o(k) = k. Let h(q) = -7*q - 11. Let v(a) = -h(a) - o(a). Determine v(-6).
-25
Let f(p) be the second derivative of -p**3/6 - p**2/2 + 97*p. Suppose -5*d = -3*c + 30, 5 = -4*d - 5*c - 19. What is f(d)?
5
Suppose -b + 4*r - 21 = 0, -45*b = -42*b - 5*r + 28. Let w(v) = 5*v**2 - v. Determine w(b).
6
Let a = -28 - 0. Let w(l) = -l**3 + 7*l**2 + 7*l - 15. Let k be w(8). Let r = k - a. Let f(i) = i**2 - 5*i - 2. Give f(r).
-2
Let x(h) be the third derivative of -h**6/120 + h**4/24 + h**3/6 - 3*h**2 + 5. Calculate x(2).
-5
Let y(o) be the first derivative of -1/2*o**2 - 1/4*o**4 + 2*o**3 + 8*o - 6. Let t be 8/36 + (-104)/(-18). Give y(t).
2
Suppose -4*p = f - 2*p - 2, 2*f = 5*p - 23. Let a(o) = o + 1. Determine a(f).
-3
Suppose -108 = -6*t + 7*t. Let j = t + 102. Let c(n) = -n**3 - 7*n**2 - 4*n + 8. What is c(j)?
-4
Suppose -226*c = -254*c + 252. Let h(f) = 2*f - 26. Determine h(c).
-8
Let k(g) = -8*g + 1. Let s = 348 - 345. Determine k(s).
-23
Let s(o) = -2*o**3 + o**2 + o + 13. Let a(c) = -3*c**3 + 3*c**2 + c + 25. Let x(y) = 3*a(y) - 5*s(y). Give x(-5).
-5
Let m be (-2 - 0/4)*-8. Suppose c = m - 9. Let l(u) = u**2 - 9*u + 9. Determine l(c).
-5
Let n(l) = -l**2 + 9*l - 1. Let m(i) = -i**3 + 2*i**2 + 6. Let b be m(2). Determine n(b).
17
Let k = -9 + 13. Let m(a) be the third derivative of 0*a**3 + 0*a - 1/24*a**4 + 1/60*a**5 + 3*a**2 + 0. Give m(k).
12
Let k = 426 + -423. Let q(x) = x**3 - 4*x**2 - 2*x + 2. Give q(k).
-13
Let v(l) be the third derivative of l**4/24 - l**3/6 - 2*l**2 + 7*l. Let o = 0 - -3. Calculate v(o).
2
Suppose -3*k - m = -19, 2*m = 4*k - 3*m - 19. Let r be ((-1)/(-2))/((-3)/k). Let t(d) = -9*d. Calculate t(r).
9
Let r(u) = -u**3 - u - 3. Let n be r(0). Let v = n + 2. Let i(b) = 3*b**2. Let y be i(v). Let o(c) = c + 1. Determine o(y).
4
Suppose r = -3*r + 12, -3*a + 4*r - 6 = 0. Let o(m) = -m**2 + 3*m + 3. Calculate o(a).
5
Let y be -2 + (-3)/1 + 7. Let d(r) = 0*r**2 + y + 5*r**2 - 4*r**2 + r**2. Give d(-2).
10
Let j(t) = 0*t**2 - 3*t + t**2 + 4*t + 5*t. Let p(a) = a**2 - 12*a + 6. Let n be p(12). Suppose 0 = 3*d - 4*x + 38, n = -5*d - 5*x + 1. Calculate j(d).
0
Suppose -5*q = -2*d + 18 - 36, -d = 3*q - 2. Let p(o) = -o**3 + 2*o**2 - 5*o + 5. Determine p(q).
-5
Let t = -1 + 4. Let h(b) = -b**2 + 0*b**3 + t*b**2 + 3 + b**3 - 5*b. What is h(-4)?
-9
Let b = 47 + -35. Let l(n) = -3*n**2 - n**3 - 8*n**2 + 2*n**3 - 1 + b*n**2. What is l(-2)?
-5
Let x = -1545 - -1545. Let d(r) be the third derivative of 1/6*r**3 + x - 1/12*r**4 + 6*r**2 + 0*r. What is d(6)?
-11
Let c(z) = -2*z**3 - 2*z**2 - 4*z - 3. Suppose -2*a + 8 = -22. Let b be (-1)/(((-10)/a)/(8/(-6))). What is c(b)?
13
Let w(j) = 3*j + 1. Let y(m) = 2*m + 1. Let h(u) = 4*w(u) - 5*y(u). What is h(5)?
9
Let h(l) = 3*l**3 + 6*l**2 - 2. Let j(w) = 7*w**3 + 14*w**2 - w - 5. Let d(f) = -9*h(f) + 4*j(f). Calculate d(-4).
-18
Let j(c) = 4*c - 93. Let f be j(24). Let p(d) be the first derivative of 5*d - 2 + 1/3*d**f + 5/2*d**2. Give p(-4).
1
Let o(s) be the first derivative of s**2/2 - 3*s - 3. Let n(r) = r + 37. Let z be n(-19). Let w = 22 - z. Determine o(w).
1
Let q(l) = -2*l**2 + 11*l + 9. Suppose 2*z + 5*s = 34, -41 = -3*z + 8*s - 13*s. Give q(z).
-12
Suppose 3*b - 29 = 2*o - 2*b, 25 = 5*b. Let w be 1 + (0 + -1 - o). Let d(v) = 4*v. Calculate d(w).
8
Let t(c) be the first derivative of 1/3*c**3 + c - 8 + 2*c**2. Give t(-2).
-3
Let j(t) = -2*t - 16. Let v be j(-11). Let g = v + -7. Let l(a) = 5*a**3 - a**2 - 2*a - 1. Determine l(g).
-5
Let x(z) = -2*z**2 - 2. Let f(d) = 5*d**2 - d + 2. Let r(b) = f(b) + x(b). Let v = 12 - 17. Let y be 2/(-6)*(v - 1). Give r(y).
10
Let p(d) = 7*d**2 + 18*d + 2. Let q(n) = 4*n**2 + 9*n. Let c(r) = 3*p(r) - 5*q(r). Give c(-7).
-8
Suppose 17 = 2*w + 10*o - 5*o, 5*w = 5*o - 10. Let f(u) = 2*u**3 - 3*u**3 - w + 0*u + 6*u**2 + 8*u. What is f(7)?
6
Let i(k) = 6*k**2 + 17*k + 13. Let l(h) = h**2 + h + 1. Let m(a) = -i(a) + 4*l(a). What is m(-8)?
-33
Let o(q) = -q**3 - 5*q**2 + 4*q - 4. Let z = -28 + 32. Suppose a = -2*y - 4 - 4, a - z = 0. Give o(y).
8
Let o(w) = w + 2. Let a(p) = -p + 1. Let y(k) = -2*a(k) - o(k). Let n = 12 - 11. Suppose n + 2 = g, -18 = -3*f - g. What is y(f)?
1
Suppose h - 1 = -5. Let z(y) = 2*y**2 + 9*y + 5. What is z(h)?
1
Let f(j) = -2*j - 7. Suppose z + z = y + 21, -3*y = 9. Let o(r) = -r**3 + 9*r**2 + 2*r - 5. Let a be o(z). Let d = 7 - a. Determine f(d).
5
Let c(p) = 5*p**2 - 5*p. Let j(v) = v**2. Let w(n) = c(n) - 6*j(n). What 